{"id":1251,"date":"2024-03-12T16:26:52","date_gmt":"2024-03-12T16:26:52","guid":{"rendered":"https:\/\/umh2159.umh.es\/?page_id=1251"},"modified":"2025-05-27T11:33:26","modified_gmt":"2025-05-27T11:33:26","slug":"concepto-proceso-y-tecnica-en-el-dibujo-en-el-grabado-y-en-la-fotografia","status":"publish","type":"page","link":"https:\/\/umh2159.umh.es\/ca\/oferta-y-asignacion\/concepto-proceso-y-tecnica-en-el-dibujo-en-el-grabado-y-en-la-fotografia\/","title":{"rendered":"CONCEPTO, PROCESO Y T\u00c9CNICA EN EL DIBUJO, EN EL GRABADO Y EN LA FOTOGRAF\u00cdA"},"content":{"rendered":"<h4>ALFONSO JULI\u00c1N S\u00c1NCHEZ LUNA<\/h4>\n<p>Desarrollo conceptual de un proyecto dentro del dibujo, el grabado y la fotograf\u00eda, sintetizando las posibilidades de hibridaci\u00f3n entre ellas. Se trabajar\u00e1n los materiales y t\u00e9cnicas de los medios gr\u00e1ficos y tambi\u00e9n su relaci\u00f3n con otras disciplinas.<\/p>\n<h4>CARMEN G. MURIANA<\/h4>\n<p>Desarrollo de proyectos dial\u00f3gicos en los que el dibujo, la fotograf\u00eda, el v\u00eddeo y\/o el arte de acci\u00f3n puedan ser (juntos, en tr\u00edo, por pareja o en solitario) el detonante, el motor, el lenguaje y\/o el medio para la experimentaci\u00f3n\/investigaci\u00f3n art\u00edstica y planteamientos cr\u00edticos.<\/p>\n<h4>JOAN LLOBELL ANDR\u00c9S<\/h4>\n<p>En esta l\u00ednea de investigaci\u00f3n hay cabida a muchas concepciones del arte y la creatividad, d\u00e1ndole relevancia a la introspecci\u00f3n, lo po\u00e9tico, lo simb\u00f3lico y la naturaleza, dentro de una concepci\u00f3n intimista y espiritual de la experiencia art\u00edstica.<\/p>\n<ul>\n<li>(Intervenciones e instalaciones), pintura y dibujo.<\/li>\n<li>Arte y espiritualidad.<\/li>\n<li>Arte y naturaleza.<\/li>\n<li>Sentido po\u00e9tico de la creaci\u00f3n art\u00edstica.<\/li>\n<li>Patrimonio hist\u00f3rico art\u00edstico<\/li>\n<li>Ilustraci\u00f3n<\/li>\n<\/ul>\n<h4>MARIA PILAR VIVIENTE SOLE<\/h4>\n<p>Desarrollo conceptual de un proyecto dentro del dibujo, el grabado y la fotograf\u00eda, sintetizando las posibilidades de hibridaci\u00f3n entre ellas. Se trabajar\u00e1n los materiales y t\u00e9cnicas de los medios gr\u00e1ficos y tambi\u00e9n su relaci\u00f3n con otras disciplinas. Aplicaci\u00f3n del aprendizaje resultado de los estudios de grado realizados por el estudiante al caso espec\u00edfico del proyecto personal del estudiante.<\/p>\n<h4>SUSANA GUERRERO SEMPERE<\/h4>\n<p>Desarrollo conceptual de un proyecto dentro del dibujo, el grabado y la fotograf\u00eda, sintetizando las posibilidades de hibridaci\u00f3n entre ellas. Se trabajar\u00e1n los materiales y t\u00e9cnicas de los medios gr\u00e1ficos y tambi\u00e9n su relaci\u00f3n con otras disciplinas. Versatilidad de soportes y materiales en la Gr\u00e1fica Experimental; la estampa intervenida, el grabado-objeto. Hibridaci\u00f3n de la obra gr\u00e1fica con otros medios.<\/p>\n<h4>TERESA BONASTRE MONTILLA<\/h4>\n<p>Desarrollo conceptual de un proyecto dentro del dibujo, el grabado y la fotograf\u00eda, sintetizando las posibilidades de hibridaci\u00f3n entre ellas. Se trabajar\u00e1n los materiales y t\u00e9cnicas de los medios gr\u00e1ficos y tambi\u00e9n su relaci\u00f3n con otras disciplinas. Posibilidades expresivas del dibujo: de la referencialidad figurativa al formalismo abstracto. Investigaci\u00f3n y realizaci\u00f3n de proyectos art\u00edsticos interdisciplinares.<\/p>\n","protected":false},"excerpt":{"rendered":"<p>ALFONSO JULI\u00c1N S\u00c1NCHEZ LUNA Desarrollo conceptual de un proyecto dentro del dibujo, el grabado y la fotograf\u00eda, sintetizando las posibilidades de hibridaci\u00f3n entre ellas. Se trabajar\u00e1n los materiales y t\u00e9cnicas de los medios gr\u00e1ficos y tambi\u00e9n su relaci\u00f3n con otras disciplinas. CARMEN G. MURIANA Desarrollo de proyectos dial\u00f3gicos en los que el dibujo, la fotograf\u00eda, [&hellip;]<\/p>\n","protected":false},"author":5222,"featured_media":0,"parent":94,"menu_order":5,"comment_status":"closed","ping_status":"closed","template":"","meta":{"_links_to":"","_links_to_target":""},"_links":{"self":[{"href":"https:\/\/umh2159.umh.es\/ca\/wp-json\/wp\/v2\/pages\/1251"}],"collection":[{"href":"https:\/\/umh2159.umh.es\/ca\/wp-json\/wp\/v2\/pages"}],"about":[{"href":"https:\/\/umh2159.umh.es\/ca\/wp-json\/wp\/v2\/types\/page"}],"author":[{"embeddable":true,"href":"https:\/\/umh2159.umh.es\/ca\/wp-json\/wp\/v2\/users\/5222"}],"replies":[{"embeddable":true,"href":"https:\/\/umh2159.umh.es\/ca\/wp-json\/wp\/v2\/comments?post=1251"}],"version-history":[{"count":0,"href":"https:\/\/umh2159.umh.es\/ca\/wp-json\/wp\/v2\/pages\/1251\/revisions"}],"up":[{"embeddable":true,"href":"https:\/\/umh2159.umh.es\/ca\/wp-json\/wp\/v2\/pages\/94"}],"wp:attachment":[{"href":"https:\/\/umh2159.umh.es\/ca\/wp-json\/wp\/v2\/media?parent=1251"}],"curies":[{"name":"wp","href":"https:\/\/api.w.org\/{rel}","templated":true}]}}

CONCEPTO, PROCESO Y TÉCNICA EN EL DIBUJO, EN EL GRABADO Y EN LA FOTOGRAFÍA

<h4>ALFONSO JULIÁN SÁNCHEZ LUNA</h4>
<p>Desarrollo conceptual de un proyecto dentro del dibujo, el grabado y la fotografía, sintetizando las posibilidades de hibridación entre ellas. Se trabajarán los materiales y técnicas de los medios gráficos y también su relación con otras disciplinas.</p>
<h4>CARMEN G. MURIANA</h4>
<p>Desarrollo de proyectos dialógicos en los que el dibujo, la fotografía, el vídeo y/o el arte de acción puedan ser (juntos, en trío, por pareja o en solitario) el detonante, el motor, el lenguaje y/o el medio para la experimentación/investigación artística y planteamientos críticos.</p>
<h4>JOAN LLOBELL ANDRÉS</h4>
<p>En esta línea de investigación hay cabida a muchas concepciones del arte y la creatividad, dándole relevancia a la introspección, lo poético, lo simbólico y la naturaleza, dentro de una concepción intimista y espiritual de la experiencia artística.</p>
<ul>
<li>(Intervenciones e instalaciones), pintura y dibujo.</li>
<li>Arte y espiritualidad.</li>
<li>Arte y naturaleza.</li>
<li>Sentido poético de la creación artística.</li>
<li>Patrimonio histórico artístico</li>
<li>Ilustración</li>
</ul>
<h4>MARIA PILAR VIVIENTE SOLE</h4>
<p>Desarrollo conceptual de un proyecto dentro del dibujo, el grabado y la fotografía, sintetizando las posibilidades de hibridación entre ellas. Se trabajarán los materiales y técnicas de los medios gráficos y también su relación con otras disciplinas. Aplicación del aprendizaje resultado de los estudios de grado realizados por el estudiante al caso específico del proyecto personal del estudiante.</p>
<h4>SUSANA GUERRERO SEMPERE</h4>
<p>Desarrollo conceptual de un proyecto dentro del dibujo, el grabado y la fotografía, sintetizando las posibilidades de hibridación entre ellas. Se trabajarán los materiales y técnicas de los medios gráficos y también su relación con otras disciplinas. Versatilidad de soportes y materiales en la Gráfica Experimental; la estampa intervenida, el grabado-objeto. Hibridación de la obra gráfica con otros medios.</p>
<h4>TERESA BONASTRE MONTILLA</h4>
<p>Desarrollo conceptual de un proyecto dentro del dibujo, el grabado y la fotografía, sintetizando las posibilidades de hibridación entre ellas. Se trabajarán los materiales y técnicas de los medios gráficos y también su relación con otras disciplinas. Posibilidades expresivas del dibujo: de la referencialidad figurativa al formalismo abstracto. Investigación y realización de proyectos artísticos interdisciplinares.</p>

<p>ALFONSO JULIÁN SÁNCHEZ LUNA Desarrollo conceptual de un proyecto dentro del dibujo, el grabado y la fotografía, sintetizando las posibilidades de hibridación entre ellas. Se trabajarán los materiales y técnicas de los medios gráficos y también su relación con otras disciplinas. CARMEN G. MURIANA Desarrollo de proyectos dialógicos en los que el dibujo, la fotografía, [&hellip;]</p>
