{"id":1254,"date":"2024-03-12T16:43:11","date_gmt":"2024-03-12T16:43:11","guid":{"rendered":"https:\/\/umh2159.umh.es\/?page_id=1254"},"modified":"2024-04-08T07:04:43","modified_gmt":"2024-04-08T07:04:43","slug":"dibujo-diseno-de-comunicacion-y-audiovisual-y-nuevos-medios","status":"publish","type":"page","link":"https:\/\/umh2159.umh.es\/ca\/oferta-y-asignacion\/dibujo-diseno-de-comunicacion-y-audiovisual-y-nuevos-medios\/","title":{"rendered":"DIBUJO, DISE\u00d1O DE COMUNICACI\u00d3N Y AUDIOVISUAL, Y NUEVOS MEDIOS"},"content":{"rendered":"<h4>AMPARO ALEPUZ ROSTOLL<\/h4>\n<p>Desarrollo de un proyecto de creaci\u00f3n art\u00edstica dentro del \u00e1mbito del dibujo en todas sus vertientes, especialmente, proyectos enfocados en la ilustraci\u00f3n gr\u00e1fica: ilustraci\u00f3n editorial, publicitaria, naturalista o Concept Art y que se desarrollen con procedimientos tradicionales y desde dispositivos y herramientas digitales.<\/p>\n<p>Los proyectos se configuran con la estructura formal de un proyecto art\u00edstico e incluir\u00e1n una aplicaci\u00f3n de los resultados en forma de arte final y una memoria.<\/p>\n<h4>ELIA TORRECILLA PATI\u00d1O<\/h4>\n<p>Dibujo como elemento interdisciplinar que conecta con otros medios:<\/p>\n<ul>\n<li>Arte y espacio p\u00fablico<\/li>\n<li>Performance<\/li>\n<li>Arte sonoro<\/li>\n<li>Videoarte<\/li>\n<li>Cuerpos y espacios f\u00edsicos, digitales e h\u00edbridos<\/li>\n<\/ul>\n<h4>MARIA PILAR VIVIENTE SOLE<\/h4>\n<p>Desarrollo de un proyecto dentro del \u00e1mbito del dise\u00f1o en todas sus vertientes, de las artes audiovisuales y del dibujo como conocimiento simb\u00f3lico e intuitivo. Uso de modo renovado de los procedimientos, t\u00e9cnicas y materiales tradicionales del dibujo. Aplicaci\u00f3n del aprendizaje resultado de los estudios de grado realizados por el estudiante al caso espec\u00edfico del proyecto personal del estudiante.<\/p>\n<h4>SILVIA MERC\u00c9 CERVELL\u00d3<\/h4>\n<p>Desarrollo de un proyecto dentro del \u00e1mbito del dise\u00f1o en todas sus vertientes, de las artes audiovisuales y del dibujo como conocimiento simb\u00f3lico e intuitivo. Uso de modo renovado de los procedimientos, t\u00e9cnicas y materiales tradicionales del dibujo. Recursos y estrategias para la creatividad en el proceso de dise\u00f1o gr\u00e1fico.<\/p>\n<ol>\n<li>Creaci\u00f3n y visualizaci\u00f3n de proyectos de dise\u00f1o inmersos en el espacio global y tiempo y cultura actual.<\/li>\n<li>Proyectos art\u00edsticos inmersos en el \u00e1mbito del dibujo contempor\u00e1neo y su proyecci\u00f3n como estructura articulada y multidisciplinar de pensamiento.<\/li>\n<\/ol>\n<p>Descripci\u00f3n 1:<\/p>\n<p>A trav\u00e9s del an\u00e1lisis e investigaci\u00f3n del lenguaje creativo que se proyecta sobre el dise\u00f1o de todo aquello que implica la concepci\u00f3n de las ciudades, espacios e iconograf\u00eda de todo tipo del lenguaje multidisciplinar, dar formas a \u00a0todo lo que construye el abecedario de la imagen visual contempor\u00e1nea. Se persigue generar nuevas propuestas de investigaci\u00f3n, que transgredan en creatividad, y que fundamenten su proyecci\u00f3n, en un an\u00e1lisis reforzado de tiempos pasados, para construir en el presente puentes creativos y art\u00edsticos enfocados hacia un futuro e inmersos en la cultura , la sociedad y la versatilidad de nuestro tiempo.<\/p>\n<p>Descripci\u00f3n 2:<\/p>\n<p>A trav\u00e9s del an\u00e1lisis e investigaci\u00f3n del lenguaje del dibujo contempor\u00e1neo, buscaremos dar formas a todo la iconograf\u00eda que construye el abecedario de la imagen visual y el pensamiento gr\u00e1fico como estructura de pensamiento. Se persigue generar nuevas propuestas de investigaci\u00f3n, que transgredan en creatividad, y que fundamenten su proyecci\u00f3n, en un an\u00e1lisis reforzado de tiempos pasados, para construir en el presente puentes creativos y art\u00edsticos enfocados hacia un futuro e inmersos en la cultura , la sociedad y la versatilidad de nuestro tiempo.<\/p>\n","protected":false},"excerpt":{"rendered":"<p>AMPARO ALEPUZ ROSTOLL Desarrollo de un proyecto de creaci\u00f3n art\u00edstica dentro del \u00e1mbito del dibujo en todas sus vertientes, especialmente, proyectos enfocados en la ilustraci\u00f3n gr\u00e1fica: ilustraci\u00f3n editorial, publicitaria, naturalista o Concept Art y que se desarrollen con procedimientos tradicionales y desde dispositivos y herramientas digitales. Los proyectos se configuran con la estructura formal de [&hellip;]<\/p>\n","protected":false},"author":5222,"featured_media":0,"parent":94,"menu_order":6,"comment_status":"closed","ping_status":"closed","template":"","meta":{"_links_to":"","_links_to_target":""},"_links":{"self":[{"href":"https:\/\/umh2159.umh.es\/ca\/wp-json\/wp\/v2\/pages\/1254"}],"collection":[{"href":"https:\/\/umh2159.umh.es\/ca\/wp-json\/wp\/v2\/pages"}],"about":[{"href":"https:\/\/umh2159.umh.es\/ca\/wp-json\/wp\/v2\/types\/page"}],"author":[{"embeddable":true,"href":"https:\/\/umh2159.umh.es\/ca\/wp-json\/wp\/v2\/users\/5222"}],"replies":[{"embeddable":true,"href":"https:\/\/umh2159.umh.es\/ca\/wp-json\/wp\/v2\/comments?post=1254"}],"version-history":[{"count":0,"href":"https:\/\/umh2159.umh.es\/ca\/wp-json\/wp\/v2\/pages\/1254\/revisions"}],"up":[{"embeddable":true,"href":"https:\/\/umh2159.umh.es\/ca\/wp-json\/wp\/v2\/pages\/94"}],"wp:attachment":[{"href":"https:\/\/umh2159.umh.es\/ca\/wp-json\/wp\/v2\/media?parent=1254"}],"curies":[{"name":"wp","href":"https:\/\/api.w.org\/{rel}","templated":true}]}}

DIBUJO, DISEÑO DE COMUNICACIÓN Y AUDIOVISUAL, Y NUEVOS MEDIOS

<h4>AMPARO ALEPUZ ROSTOLL</h4>
<p>Desarrollo de un proyecto de creación artística dentro del ámbito del dibujo en todas sus vertientes, especialmente, proyectos enfocados en la ilustración gráfica: ilustración editorial, publicitaria, naturalista o Concept Art y que se desarrollen con procedimientos tradicionales y desde dispositivos y herramientas digitales.</p>
<p>Los proyectos se configuran con la estructura formal de un proyecto artístico e incluirán una aplicación de los resultados en forma de arte final y una memoria.</p>
<h4>ELIA TORRECILLA PATIÑO</h4>
<p>Dibujo como elemento interdisciplinar que conecta con otros medios:</p>
<ul>
<li>Arte y espacio público</li>
<li>Performance</li>
<li>Arte sonoro</li>
<li>Videoarte</li>
<li>Cuerpos y espacios físicos, digitales e híbridos</li>
</ul>
<h4>MARIA PILAR VIVIENTE SOLE</h4>
<p>Desarrollo de un proyecto dentro del ámbito del diseño en todas sus vertientes, de las artes audiovisuales y del dibujo como conocimiento simbólico e intuitivo. Uso de modo renovado de los procedimientos, técnicas y materiales tradicionales del dibujo. Aplicación del aprendizaje resultado de los estudios de grado realizados por el estudiante al caso específico del proyecto personal del estudiante.</p>
<h4>SILVIA MERCÉ CERVELLÓ</h4>
<p>Desarrollo de un proyecto dentro del ámbito del diseño en todas sus vertientes, de las artes audiovisuales y del dibujo como conocimiento simbólico e intuitivo. Uso de modo renovado de los procedimientos, técnicas y materiales tradicionales del dibujo. Recursos y estrategias para la creatividad en el proceso de diseño gráfico.</p>
<ol>
<li>Creación y visualización de proyectos de diseño inmersos en el espacio global y tiempo y cultura actual.</li>
<li>Proyectos artísticos inmersos en el ámbito del dibujo contemporáneo y su proyección como estructura articulada y multidisciplinar de pensamiento.</li>
</ol>
<p>Descripción 1:</p>
<p>A través del análisis e investigación del lenguaje creativo que se proyecta sobre el diseño de todo aquello que implica la concepción de las ciudades, espacios e iconografía de todo tipo del lenguaje multidisciplinar, dar formas a  todo lo que construye el abecedario de la imagen visual contemporánea. Se persigue generar nuevas propuestas de investigación, que transgredan en creatividad, y que fundamenten su proyección, en un análisis reforzado de tiempos pasados, para construir en el presente puentes creativos y artísticos enfocados hacia un futuro e inmersos en la cultura , la sociedad y la versatilidad de nuestro tiempo.</p>
<p>Descripción 2:</p>
<p>A través del análisis e investigación del lenguaje del dibujo contemporáneo, buscaremos dar formas a todo la iconografía que construye el abecedario de la imagen visual y el pensamiento gráfico como estructura de pensamiento. Se persigue generar nuevas propuestas de investigación, que transgredan en creatividad, y que fundamenten su proyección, en un análisis reforzado de tiempos pasados, para construir en el presente puentes creativos y artísticos enfocados hacia un futuro e inmersos en la cultura , la sociedad y la versatilidad de nuestro tiempo.</p>

<p>AMPARO ALEPUZ ROSTOLL Desarrollo de un proyecto de creación artística dentro del ámbito del dibujo en todas sus vertientes, especialmente, proyectos enfocados en la ilustración gráfica: ilustración editorial, publicitaria, naturalista o Concept Art y que se desarrollen con procedimientos tradicionales y desde dispositivos y herramientas digitales. Los proyectos se configuran con la estructura formal de [&hellip;]</p>
