{"id":1266,"date":"2024-03-13T08:02:21","date_gmt":"2024-03-13T08:02:21","guid":{"rendered":"https:\/\/umh2159.umh.es\/?page_id=1266"},"modified":"2024-03-14T10:31:53","modified_gmt":"2024-03-14T10:31:53","slug":"concepto-proceso-y-tecnica-en-la-pintura","status":"publish","type":"page","link":"https:\/\/umh2159.umh.es\/en\/oferta-y-asignacion\/concepto-proceso-y-tecnica-en-la-pintura\/","title":{"rendered":"CONCEPTO, PROCESO Y T\u00c9CNICA EN LA PINTURA"},"content":{"rendered":"<h4>JOS\u00c9 MALDONADO G\u00d3MEZ<\/h4>\n<p>ERROR Y CAT\u00c1STROFE. EL FALLO COMO INDICIO.\u00a0Desarrollo de la imagen en disciplinas diversas, usando de modo renovado los procedimientos, t\u00e9cnicas y materiales tradicionales con herramientas actuales . Se experimentar\u00e1 e investigar\u00e1 con los principios y herramientas inform\u00e1ticas y de nuevos medios para realizar un proyecto pl\u00e1stico o de artes visuales. Generaci\u00f3n y empleo de patrones glitch, de error y fallo, para la construcci\u00f3n de po\u00e9ticas visuales que integran procesos intermedia de constituci\u00f3n del objeto art\u00edstico.<\/p>\n<p>HETERODOXIA, ABYECCI\u00d3N Y ARTE DE CONCEPTO.\u00a0Aplicaci\u00f3n de conceptos derivados de los procesos simb\u00f3licos y de significaci\u00f3n de la imagen, as\u00ed como aquellos m\u00e9todos y procesos art\u00edsticos m\u00e1s adecuados para proyectar, realizar y gestionar un proyecto pict\u00f3rico. Se trabajar\u00e1n los materiales y t\u00e9cnicas del medio pict\u00f3rico y su relaci\u00f3n con otras disciplinas. Empleo de materiales heterodoxos (arte de concepto, arte de proceso y arte abyecto) en el desarrollo pl\u00e1stico y visual del objeto pict\u00f3rico.<\/p>\n<h4>JOS\u00c9 VICENTE MART\u00cdN MART\u00cdNEZ<\/h4>\n<p>PO\u00c9TICAS DE LA PINTURA FIGURATIVA. Aplicaci\u00f3n de conceptos derivados de los procesos simb\u00f3licos y de significaci\u00f3n de la imagen, as\u00ed como aquellos m\u00e9todos y procesos art\u00edsticos adecuados para proyectar, realizar y gestionar un proyecto pict\u00f3rico. Se trabajar\u00e1n los materiales y t\u00e9cnicas pict\u00f3ricas, pero tambi\u00e9n su expansi\u00f3n a otros medios. Abarca aquellas cuestiones relacionadas con la representaci\u00f3n pict\u00f3rica en sus m\u00faltiples lecturas.<\/p>\n<h4>MIGUEL LORENTE BOYER<\/h4>\n<p>Aplicaci\u00f3n de conceptos derivados de los procesos simb\u00f3licos y de significaci\u00f3n de la imagen, as\u00ed como aquellos m\u00e9todos y procesos art\u00edsticos m\u00e1s adecuados para proyectar, realizar y gestionar un proyecto pict\u00f3rico. Se trabajar\u00e1n los materiales y t\u00e9cnicas del medio pict\u00f3rico y su relaci\u00f3n con otras disciplinas.<\/p>\n<h4>PATRICIA ESCARIO JOVER<\/h4>\n<p>Aplicaci\u00f3n de conceptos derivados de los procesos simb\u00f3licos y de significaci\u00f3n de la imagen, as\u00ed como aquellos m\u00e9todos y procesos art\u00edsticos m\u00e1s adecuados para proyectar, realizar y gestionar un proyecto pict\u00f3rico. Se trabajar\u00e1n los materiales y t\u00e9cnicas del medio pict\u00f3rico y su relaci\u00f3n con otras disciplinas.<\/p>\n<h4>SERGIO LUNA LOZANO<\/h4>\n<p>Aplicaci\u00f3n de conceptos derivados de los procesos simb\u00f3licos y de significaci\u00f3n de la imagen, as\u00ed como aquellos m\u00e9todos y procesos art\u00edsticos m\u00e1s adecuados para proyectar, realizar y gestionar un proyecto pict\u00f3rico. Se trabajar\u00e1n los materiales y t\u00e9cnicas del medio pict\u00f3rico y su relaci\u00f3n con otras disciplinas. Opcionalmente, se abordar\u00e1 la relaci\u00f3n entre pintura, fotograf\u00eda y cine desde el medio pict\u00f3rico.<\/p>\n","protected":false},"excerpt":{"rendered":"<p>JOS\u00c9 MALDONADO G\u00d3MEZ ERROR Y CAT\u00c1STROFE. EL FALLO COMO INDICIO.\u00a0Desarrollo de la imagen en disciplinas diversas, usando de modo renovado los procedimientos, t\u00e9cnicas y materiales tradicionales con herramientas actuales . Se experimentar\u00e1 e investigar\u00e1 con los principios y herramientas inform\u00e1ticas y de nuevos medios para realizar un proyecto pl\u00e1stico o de artes visuales. Generaci\u00f3n y [&hellip;]<\/p>\n","protected":false},"author":5222,"featured_media":0,"parent":94,"menu_order":1,"comment_status":"closed","ping_status":"closed","template":"","meta":{"_links_to":"","_links_to_target":""},"_links":{"self":[{"href":"https:\/\/umh2159.umh.es\/en\/wp-json\/wp\/v2\/pages\/1266"}],"collection":[{"href":"https:\/\/umh2159.umh.es\/en\/wp-json\/wp\/v2\/pages"}],"about":[{"href":"https:\/\/umh2159.umh.es\/en\/wp-json\/wp\/v2\/types\/page"}],"author":[{"embeddable":true,"href":"https:\/\/umh2159.umh.es\/en\/wp-json\/wp\/v2\/users\/5222"}],"replies":[{"embeddable":true,"href":"https:\/\/umh2159.umh.es\/en\/wp-json\/wp\/v2\/comments?post=1266"}],"version-history":[{"count":0,"href":"https:\/\/umh2159.umh.es\/en\/wp-json\/wp\/v2\/pages\/1266\/revisions"}],"up":[{"embeddable":true,"href":"https:\/\/umh2159.umh.es\/en\/wp-json\/wp\/v2\/pages\/94"}],"wp:attachment":[{"href":"https:\/\/umh2159.umh.es\/en\/wp-json\/wp\/v2\/media?parent=1266"}],"curies":[{"name":"wp","href":"https:\/\/api.w.org\/{rel}","templated":true}]}}

CONCEPTO, PROCESO Y TÉCNICA EN LA PINTURA

<h4>JOSÉ MALDONADO GÓMEZ</h4>
<p>ERROR Y CATÁSTROFE. EL FALLO COMO INDICIO. Desarrollo de la imagen en disciplinas diversas, usando de modo renovado los procedimientos, técnicas y materiales tradicionales con herramientas actuales . Se experimentará e investigará con los principios y herramientas informáticas y de nuevos medios para realizar un proyecto plástico o de artes visuales. Generación y empleo de patrones glitch, de error y fallo, para la construcción de poéticas visuales que integran procesos intermedia de constitución del objeto artístico.</p>
<p>HETERODOXIA, ABYECCIÓN Y ARTE DE CONCEPTO. Aplicación de conceptos derivados de los procesos simbólicos y de significación de la imagen, así como aquellos métodos y procesos artísticos más adecuados para proyectar, realizar y gestionar un proyecto pictórico. Se trabajarán los materiales y técnicas del medio pictórico y su relación con otras disciplinas. Empleo de materiales heterodoxos (arte de concepto, arte de proceso y arte abyecto) en el desarrollo plástico y visual del objeto pictórico.</p>
<h4>JOSÉ VICENTE MARTÍN MARTÍNEZ</h4>
<p>POÉTICAS DE LA PINTURA FIGURATIVA. Aplicación de conceptos derivados de los procesos simbólicos y de significación de la imagen, así como aquellos métodos y procesos artísticos adecuados para proyectar, realizar y gestionar un proyecto pictórico. Se trabajarán los materiales y técnicas pictóricas, pero también su expansión a otros medios. Abarca aquellas cuestiones relacionadas con la representación pictórica en sus múltiples lecturas.</p>
<h4>MIGUEL LORENTE BOYER</h4>
<p>Aplicación de conceptos derivados de los procesos simbólicos y de significación de la imagen, así como aquellos métodos y procesos artísticos más adecuados para proyectar, realizar y gestionar un proyecto pictórico. Se trabajarán los materiales y técnicas del medio pictórico y su relación con otras disciplinas.</p>
<h4>PATRICIA ESCARIO JOVER</h4>
<p>Aplicación de conceptos derivados de los procesos simbólicos y de significación de la imagen, así como aquellos métodos y procesos artísticos más adecuados para proyectar, realizar y gestionar un proyecto pictórico. Se trabajarán los materiales y técnicas del medio pictórico y su relación con otras disciplinas.</p>
<h4>SERGIO LUNA LOZANO</h4>
<p>Aplicación de conceptos derivados de los procesos simbólicos y de significación de la imagen, así como aquellos métodos y procesos artísticos más adecuados para proyectar, realizar y gestionar un proyecto pictórico. Se trabajarán los materiales y técnicas del medio pictórico y su relación con otras disciplinas. Opcionalmente, se abordará la relación entre pintura, fotografía y cine desde el medio pictórico.</p>

<p>JOSÉ MALDONADO GÓMEZ ERROR Y CATÁSTROFE. EL FALLO COMO INDICIO. Desarrollo de la imagen en disciplinas diversas, usando de modo renovado los procedimientos, técnicas y materiales tradicionales con herramientas actuales . Se experimentará e investigará con los principios y herramientas informáticas y de nuevos medios para realizar un proyecto plástico o de artes visuales. Generación y [&hellip;]</p>
